{"id":69,"date":"2020-01-09T12:09:00","date_gmt":"2020-01-09T11:09:00","guid":{"rendered":"https:\/\/roth-cameo.com\/?page_id=69"},"modified":"2024-07-13T06:49:03","modified_gmt":"2024-07-13T05:49:03","slug":"biografie","status":"publish","type":"page","link":"https:\/\/roth-cameo.com\/?page_id=69","title":{"rendered":"Biografie"},"content":{"rendered":"\n<p><br><strong>Biographische Angaben zum Edelsteingraveur Andreas Roth<\/strong><br>&nbsp;&nbsp;<\/p>\n\n\n\n<figure class=\"wp-block-image size-large is-resized\"><img loading=\"lazy\" decoding=\"async\" width=\"646\" height=\"600\" src=\"https:\/\/roth-cameo.com\/wp-content\/uploads\/2021\/03\/neu1.jpg\" alt=\"\" class=\"wp-image-175\" style=\"width:211px;height:195px\" srcset=\"https:\/\/roth-cameo.com\/wp-content\/uploads\/2021\/03\/neu1.jpg 646w, https:\/\/roth-cameo.com\/wp-content\/uploads\/2021\/03\/neu1-300x279.jpg 300w\" sizes=\"auto, (max-width: 646px) 100vw, 646px\" \/><\/figure>\n\n\n\n<p>&#8211; geboren am 07. August 1973 in Idar-Oberstein, Kreis Birkenfeld, Sohn von Edelsteingraveur Hans-Dieter Roth<br>\u00a0 &#8211; 1980-89 Volksschule in Idar-Oberstein<br>\u00a0 &#8211; 1989-93 Lehre als Edelsteingraveur bei Hans-Dieter Roth in Idar-Oberstein<br>\u00a0 &#8211; 1993-99 Facharbeiter in diesem Betrieb<br>\u00a0 &#8211; 1993-94 Wehrdienst<br>\u00a0 &#8211; 1999 Meisterpr\u00fcfung im Edelsteinschleifer- und Graveurhandwerk<br>\u00a0 &#8211; 1993 Bundessieger im praktischen Leistungswettbewerb der Handwerksjugend<br>\u00a0 &#8211; 1996 Abendkurse im Goldschmiede- Handwerk<br>&#8211; 2004 Ausstellung in Kofu, Japan<br>&#8211; 2008 Gesch\u00e4ftsgr\u00fcndung<br>&#8211; seit 2008 Anerkennung der K\u00fcnstlereigenschaft<br>&#8211; 2008 Ausstellung im Museum f\u00fcr Mineralien, Schmuck &amp; Edelsteine, Idar-Oberstein<br>&#8211; 2010 Ausstellung im Harry Oppenheimer Diamant Museum, Israel<br>&#8211; 2011 Deutsches Edelsteinmuseum Idar-Oberstein: In einer Sonderausstellung war eine Achatschale \u201eAPHRODITE AUF ABWEGEN&#8230;\u201c als Objekt des Monat<br>&#8211;\u00a02012 Ausstellung im Deutschen Edelsteinmuseum Idar-Oberstein: \u201eGravierte Kostbarkeiten\u201c<br>&#8211; 2012 Mineralientage M\u00fcnchen: Sonderausstellung \u201eFaust und kein Ende\u201c<br>&#8211; 2013 Sonderausstellung im Deutschen Edelsteinmuseum Idar-Oberstein &#8222;Faust und kein Ende&#8220;<br>&#8211; 2013-2014 Ausstellung im Faust-Museum in Knittlingen (Faust-Kameen)<br>&#8211; 2013-2014 Sonderausstellung in der Staatlichen M\u00fcnzsammlung, M\u00fcnchen, Thema: Geschnittene Steine<br>&#8211; 2015 Ausstellung in der Kreissparkasse Birkenfeld &#8222;Kostbarkeiten f\u00fcr die Ewigkeit&#8220;<br>&#8211; 2015-2016 Ausstellung im Waffenmuseum Suhl \u201eTeuflisches Spiel auf Kamee und Cister\u201c<br>&#8211; 2017 Sonderausstellung im Schaezlerpalais Augsburg \u201eKostbarer Faust\u201c<br>&#8211; 2017 Mineralien Hamburg: Sonderausstellung \u201eFaust und kein Ende\u201c<br>&#8211; 2018-2019 Sonderausstellung im Kristallmuseum Riedenburg &#8222;Kostbarer Faust&#8220;<br>&#8211; 2020 Ausstellung im Liechtensteinisches LandesMuseum &#8222;Faust in Edelstein&#8220;<br>&#8211; 2021 Ausstellung im Winckelmann-Museum Stendal &#8222;Faust in Edelstein&#8220;<br>&#8211; 2021-2022 Sonderausstellung im The Lizzadro Museum of Lapidary Art &#8222;Faust und kein Ende&#8220;<br>&#8211; 2023 Sonderausstellung im terra mineralia &#8222;Wunder. Welt. Achat&#8220;<br>&#8211; 2023-2024 Sonderausstellung im Deutschen Mineralienmuseum &#8222;Amor in Achat&#8220;<\/p>\n\n\n\n<p><\/p>\n\n\n\n<p><\/p>\n\n\n\n<p><\/p>\n","protected":false},"excerpt":{"rendered":"<p>Biographische Angaben zum Edelsteingraveur Andreas Roth&nbsp;&nbsp; &#8211; geboren am 07. August 1973 in Idar-Oberstein, Kreis Birkenfeld, Sohn von Edelsteingraveur Hans-Dieter Roth\u00a0 &#8211; 1980-89 Volksschule in Idar-Oberstein\u00a0 &#8211; 1989-93 Lehre als Edelsteingraveur bei Hans-Dieter Roth in Idar-Oberstein\u00a0 &#8211; 1993-99 Facharbeiter in diesem Betrieb\u00a0 &#8211; 1993-94 Wehrdienst\u00a0 &#8211; 1999 Meisterpr\u00fcfung im Edelsteinschleifer- und Graveurhandwerk\u00a0 &#8211; 1993 Bundessieger [&hellip;]<\/p>\n","protected":false},"author":1,"featured_media":0,"parent":0,"menu_order":0,"comment_status":"closed","ping_status":"closed","template":"","meta":{"footnotes":""},"class_list":["post-69","page","type-page","status-publish","hentry"],"_links":{"self":[{"href":"https:\/\/roth-cameo.com\/index.php?rest_route=\/wp\/v2\/pages\/69","targetHints":{"allow":["GET"]}}],"collection":[{"href":"https:\/\/roth-cameo.com\/index.php?rest_route=\/wp\/v2\/pages"}],"about":[{"href":"https:\/\/roth-cameo.com\/index.php?rest_route=\/wp\/v2\/types\/page"}],"author":[{"embeddable":true,"href":"https:\/\/roth-cameo.com\/index.php?rest_route=\/wp\/v2\/users\/1"}],"replies":[{"embeddable":true,"href":"https:\/\/roth-cameo.com\/index.php?rest_route=%2Fwp%2Fv2%2Fcomments&post=69"}],"version-history":[{"count":11,"href":"https:\/\/roth-cameo.com\/index.php?rest_route=\/wp\/v2\/pages\/69\/revisions"}],"predecessor-version":[{"id":219,"href":"https:\/\/roth-cameo.com\/index.php?rest_route=\/wp\/v2\/pages\/69\/revisions\/219"}],"wp:attachment":[{"href":"https:\/\/roth-cameo.com\/index.php?rest_route=%2Fwp%2Fv2%2Fmedia&parent=69"}],"curies":[{"name":"wp","href":"https:\/\/api.w.org\/{rel}","templated":true}]}}