{"id":36,"date":"2019-12-16T18:45:06","date_gmt":"2019-12-16T18:45:06","guid":{"rendered":"https:\/\/roth-cameo.com\/?page_id=36"},"modified":"2019-12-16T18:45:06","modified_gmt":"2019-12-16T18:45:06","slug":"impressum","status":"publish","type":"page","link":"https:\/\/roth-cameo.com\/?page_id=36","title":{"rendered":"Impressum"},"content":{"rendered":"\n<p>Herausgeber:<br>Andreas Roth<br>Bein 42<br>55743 Idar-Oberstein<br>E-Mail: info@roth-cameo.com<br>Tel.:&nbsp; +49 6784 8751<br>Fax:&nbsp; +49 6784 9708<br>Deutschland<br><br>USt.-ID-Nr. DE258751355<br>Steuernummer 09\/225\/0985\/9<\/p>\n\n\n\n<p>Inhalte, Design und sonstige Bestandteile Copyright (C) 2008 Andreas Roth. Unberechtigte Vervielf\u00e4ltigung, Nutzung, Speicherung, Wiedergabe, Verwendung und\/ oder Modifizierung ist ausdr\u00fccklich untersagt und wird in jedem Fall straf- und\/ oder zivilrechtlichverfolgt. Alle Angaben erfolgen nach bestem Wissen und Gewissen; Irrt\u00fcmer und \u00c4nderungen vorbehalten. Alle Warennamen werden ohne Gew\u00e4hrleistung der freien Verwendbarkeit benutzt und sind m\u00f6glicherweise eingetragene Warenzeichen. Beanstandungen bitten wir formlos an uns zu senden. Wir werden das Problem dann nach Pr\u00fcfung umgehend beseitigen. Verantwortlich im Sinn von \u00a7 10 Absatz 3 MDStV:&nbsp;<a>Andreas Roth<\/a>&nbsp;<\/p>\n\n\n\n<p><\/p>\n","protected":false},"excerpt":{"rendered":"<p>Herausgeber:Andreas RothBein 4255743 Idar-ObersteinE-Mail: info@roth-cameo.comTel.:&nbsp; +49 6784 8751Fax:&nbsp; +49 6784 9708Deutschland USt.-ID-Nr. DE258751355Steuernummer 09\/225\/0985\/9 Inhalte, Design und sonstige Bestandteile Copyright (C) 2008 Andreas Roth. Unberechtigte Vervielf\u00e4ltigung, Nutzung, Speicherung, Wiedergabe, Verwendung und\/ oder Modifizierung ist ausdr\u00fccklich untersagt und wird in jedem Fall straf- und\/ oder zivilrechtlichverfolgt. Alle Angaben erfolgen nach bestem Wissen und Gewissen; Irrt\u00fcmer und [&hellip;]<\/p>\n","protected":false},"author":1,"featured_media":0,"parent":0,"menu_order":0,"comment_status":"closed","ping_status":"closed","template":"","meta":{"footnotes":""},"class_list":["post-36","page","type-page","status-publish","hentry"],"_links":{"self":[{"href":"https:\/\/roth-cameo.com\/index.php?rest_route=\/wp\/v2\/pages\/36","targetHints":{"allow":["GET"]}}],"collection":[{"href":"https:\/\/roth-cameo.com\/index.php?rest_route=\/wp\/v2\/pages"}],"about":[{"href":"https:\/\/roth-cameo.com\/index.php?rest_route=\/wp\/v2\/types\/page"}],"author":[{"embeddable":true,"href":"https:\/\/roth-cameo.com\/index.php?rest_route=\/wp\/v2\/users\/1"}],"replies":[{"embeddable":true,"href":"https:\/\/roth-cameo.com\/index.php?rest_route=%2Fwp%2Fv2%2Fcomments&post=36"}],"version-history":[{"count":1,"href":"https:\/\/roth-cameo.com\/index.php?rest_route=\/wp\/v2\/pages\/36\/revisions"}],"predecessor-version":[{"id":37,"href":"https:\/\/roth-cameo.com\/index.php?rest_route=\/wp\/v2\/pages\/36\/revisions\/37"}],"wp:attachment":[{"href":"https:\/\/roth-cameo.com\/index.php?rest_route=%2Fwp%2Fv2%2Fmedia&parent=36"}],"curies":[{"name":"wp","href":"https:\/\/api.w.org\/{rel}","templated":true}]}}